 digit of t?
2
Let f be 3*3/(-6) + 2187/2. Let v = f - 427. What is the hundreds digit of v?
6
Let w(f) = 444*f + 5458. What is the tens digit of w(0)?
5
Let y be (11 + 295)/((-1)/1). Let p = y + 383. What is the tens digit of p?
7
Let a(o) = o**2 + 6*o - 4. Let c be a(-7). Let j(t) = 2*t + 9*t + 5*t - 23*t + 11*t + 11*t**2. What is the hundreds digit of j(c)?
1
Let p(y) be the third derivative of 4*y**6/15 + y**5/30 - y**4/3 + 13*y**3/6 + 16*y**2 - 5. What is the tens digit of p(3)?
7
Let o(m) = -3*m**3 - 6*m**2 - 10*m - 5. Let s be o(-5). Suppose 69 = 3*c + 498. Let i = s + c. What is the tens digit of i?
2
Let m = -36868 - -56979. What is the thousands digit of m?
0
Let v = -30 - -50. Let y = -40 - v. Let p = 22 - y. What is the units digit of p?
2
What is the units digit of (-3)/7 + 9335720/952?
6
Suppose 0 = -5*i + 2*q + 25, 4*i - 32 = -0*i + 4*q. Suppose -i*s - 1078 = -10*s. What is the units digit of s?
4
Let c = 131568 - 88578. What is the ten thousands digit of c?
4
Let i(c) = 901*c + 2914. What is the hundreds digit of i(19)?
0
Suppose -14*c = -8*c - 30. Suppose l = -j + 4, l = -3*j - j - c. Suppose -5*p = -l*p + 142. What is the tens digit of p?
7
Let g = 564 + -565. Let o = -17 - 1. What is the units digit of (-80 + g)*6/o?
7
Let h(p) = -2*p**2 + 9*p + 7. Let x be h(8). Let b = 53 + x. Suppose b*u - 213 = 227. What is the units digit of u?
0
Let w(d) = 16*d - 39. Let c be w(3). What is the hundreds digit of ((-3)/9 - 15/c) + 1002?
0
Suppose -262*i + 2630324 = 4*i - 5204. What is the tens digit of i?
0
Suppose 25*u - 24*u - 591 = 0. Let j = u + -291. What is the hundreds digit of j?
3
Let c = 10 - 6. Let b be -1 + (-8)/(-24)*12. Suppose n - 2*l - 19 = 0, -l - 21 = -b*n - c*l. What is the tens digit of n?
1
Let f(d) = d**2 + 15*d + 46. Let v be f(-11). What is the units digit of 4/2 - (-1115)/(v + 3)?
5
Let b = -32418 + 62215. What is the tens digit of b?
9
Let w = -57 - -102. Let q be 14/(-5)*w/(-18). Suppose q*o - 276 = 144. What is the units digit of o?
0
Let q(k) = -197*k + 19989. What is the thousands digit of q(0)?
9
Suppose 0 = 25*h + 2*h - 103928 + 16664. What is the units digit of h?
2
Let k be 2/((-1)/(6 - -378)). Let d = -521 - k. What is the tens digit of d?
4
What is the hundreds digit of 515*(1/(10/256) - (-243 - -249))?
0
Let r be 1/(6/21 + (-39)/63). Let u(d) = -30*d**3 - 4*d**2 + 7. What is the units digit of u(r)?
1
Let u(x) = -2*x**3 - 10*x**2 - x - 1. Let b be u(-5). Let i(t) = 2*t**3 + t**2 - 2*t + 7. What is the tens digit of i(b)?
4
Let d(y) = 2*y**3 - 15*y**2 - y - 3. Let v(t) = 2*t**2 + t - 1. Let w(h) = -d(h) + 4*v(h). Let k = 7 + 4. What is the tens digit of w(k)?
7
Let u(n) = -442*n**3 + 49*n**2 + 99*n + 3. What is the tens digit of u(-2)?
3
Suppose -3*m + 2 = -2*m. Suppose 3*f = -f - 4*u, 0 = f + m*u. Suppose -n - 3*t + 32 + 64 = f, 3*n - 288 = -4*t. What is the units digit of n?
6
What is the thousands digit of -107*(13 - (-5111)/(-19))?
7
Suppose -28*c + 264932 = -61296. What is the hundreds digit of c?
6
Suppose 4*n - 75 = w - 4*w, -5 = -w. Suppose 15 = 5*i - n. Suppose i*y - 21 = 5*y + 3*r, 3*y - 42 = 2*r. What is the units digit of y?
2
Let r be -4 - (0 - 17)/((-8)/(-56)). Let n = r - 72. What is the units digit of n?
3
Let u(l) = 2*l**2 + 18*l - 14. Let j be u(-9). Let z = 170 + j. What is the units digit of z?
6
What is the thousands digit of (-2317 + 344)/(3/(-21))?
3
Let j(t) = 99*t**2 - 58*t + 375. What is the thousands digit of j(9)?
7
Suppose -5*y = 5*i, 0 = -2*y + 2*i - 7 + 19. Suppose 0 = -3*h + y, -11981 + 4667 = -4*q + 2*h. Suppose -q = -10*c + 61. What is the tens digit of c?
8
What is the hundreds digit of 10/2 + ((-51)/85 - 224240/(-25))?
9
Let u = 819 + -814. Suppose -2*n + 377 = 11*b - 12*b, 2*n + u*b = 383. What is the units digit of n?
9
Let q(k) = -k**3 + 6*k**2 - 3*k + 9. Let v be q(6). Let n be 11/55 + (0 - v/5). Suppose 6*p - 3*r - 272 = n*p, -68 = -p - 3*r. What is the units digit of p?
8
Suppose 4*k = l + 293, k = -4*k - 5*l + 385. Let j = k + 167. What is the tens digit of j?
4
Suppose -305*o = -292*o - 481. Suppose 1243 = o*d - 2753. What is the units digit of d?
8
Let t = 6412 - -2425. What is the tens digit of t?
3
Let z be (10 - -6 - 3)*(21 - -2). Let s = 1200 - z. What is the hundreds digit of s?
9
Suppose -r = -2*b + 1666, r - 4*r = -4*b + 3328. Suppose 3*y - 2107 = -b. What is the hundreds digit of y?
4
Let x(t) = 4*t**3 + 2*t**2 - 2*t - 1. Let d be x(-4). Let y = d + 396. Suppose -s + 44 = j, 2*s + 3*j = -2*s + y. What is the tens digit of s?
4
Let f be (-2)/13 + (-8738)/(-13). Suppose -f = -4*j + 4*c, -4*j - 5*c + c + 688 = 0. What is the tens digit of j?
7
Let m = 438 - 724. Let w = -167 - m. What is the tens digit of w?
1
Let s = 9 + -13. Let b be (-1)/(-6 - s)*514. Let f = b - 149. What is the units digit of f?
8
Let b be 418 + 4/((-20)/(-5)). Let k = b + 213. What is the hundreds digit of k?
6
Let m(x) = -452*x + 9. Let o be m(-5). Let a = o + -1162. What is the units digit of a?
7
Let r = 76 + -1049. Let k = r - -1662. What is the tens digit of k?
8
Let m = 7017 - 2964. What is the tens digit of m?
5
Suppose -2*l - 25 = -3*l - h, 0 = -4*h + 20. Suppose 0 = 9*z - 6*z - 18. Suppose 5*j - 85 = -3*i, 2*i - z*i = l. What is the tens digit of j?
2
Suppose -551*z = -81*z - 18*z - 31328572. What is the tens digit of z?
1
Suppose 91933 + 130076 = 4*o + 52401. What is the thousands digit of o?
2
Let o be 2961/4 + (9 - 12)/12. Suppose -o*u + 734*u = -6870. What is the units digit of u?
5
Suppose 246*w - 3282734 = 8*w. What is the units digit of w?
3
Suppose 94*t + 5*s = 92*t + 9239, 5*s = -t + 4607. What is the units digit of t?
2
Suppose 9*f - 162911 = 117307 + 60684. What is the hundreds digit of f?
8
Let k = -16 + 16. Let f = 112 - 70. Suppose 7*t - 9*t + f = k. What is the units digit of t?
1
What is the ten thousands digit of (((-35031)/30)/(27/108))/(4/(-10))?
1
Let o = 561 - 647. Let u = 273 - o. What is the tens digit of u?
5
Let u(b) = -13*b**2 + b - 1. Let a be u(3). Let h = -102 - a. What is the tens digit of h?
1
Let i(f) = -f + 5. Let c be i(11). Let n be (2 + c)*(-4 - -3). Suppose -5*r = -3*b + 517, b + n*r + 163 = 2*b. What is the tens digit of b?
7
Let r = -17537 + 30085. What is the thousands digit of r?
2
Let s be 25/20 + (-1918)/56. Let h(t) = t**3 + 33*t**2 - 25*t + 81. What is the tens digit of h(s)?
0
Let z be (3 + -3)*(-6 + 5). Suppose 2*g = i - 85, -4*i - 4*g + 0*g + 328 = z. Suppose -q + 36 = -i. What is the hundreds digit of q?
1
Suppose 4*x - r - 689 - 1533 = 0, 5*x = 3*r + 2781. Let y = -256 + x. What is the units digit of y?
9
Suppose 2*w = -10 + 4. Let l be -22*(70/(-60) + (-2)/w). What is the units digit of l*(-19)/(-4) + (-1)/4?
2
Suppose -3*n = -4*r - 22207, -2*r = -37*n + 38*n - 7419. What is the hundreds digit of n?
4
Let a(d) = -d**3 - 99*d**2 + 243*d + 238. What is the tens digit of a(-104)?
4
Suppose 4*t = 3*o + 1623, 5*t + 5*o - 2930 = -910. Let h = 930 - t. Suppose 2*m = -179 + h. What is the tens digit of m?
7
Let u(q) = 2*q**2 - 18*q + 15. Let x(r) = r**2 + 4*r + 4. Suppose -4*w - 30 = -10. Let h be x(w). What is the tens digit of u(h)?
1
Let b(x) be the second derivative of 8*x**3/3 + 21*x**2/2 + 3*x. Let d be (24/(-21))/((-4)/14). What is the units digit of b(d)?
5
Let k(c) = 7*c**2 - c + 7. Let x be k(2). Suppose -37*n = -x*n - 312. What is the units digit of n?
8
Let q be (88/(-9))/(-8) - (-2)/(-9). What is the tens digit of 6/2 - (q - 2)*389?
9
Suppose -71*m - 170 = -66*m. Let p be m/289 + (-83)/17. What is the hundreds digit of (-3308)/(-18) - p/(-90)*-4?
1
Suppose -r - 2*z + 7 = -4*z, -4*z - 12 = 0. Let g be ((-2)/(-4))/(r/6). What is the units digit of (1/g)/((-2)/(-12))?
2
Suppose -2*z = -8*z + 180. Suppose -4*c - 30 + 0 = 2*m, 2*c + 4*m = -30. What is the units digit of ((-276)/z)/1*c/2?
3
Let b be ((-26)/3 + 3)/((-3)/9). Let n = 19 - b. Suppose -3*c + 2*t + 206 = 0, 0 = c + n*t + 2*t - 78. What is the tens digit of c?
7
Let j(g) = -89*g**3 + 23*g**2 + 4*g + 158. What is the thousands digit of j(-8)?
7
Suppose 2*x = -0*x - 2. Let w be -1 + (x - (2 - 8)). What is the units digit of w/((-8)/(-2))*22?
2
Suppose -14*d + 12*d + 958 = 0. Let w = d - 302. Let u = 282 - w. What is the hundreds digit of u?
1
Let y(k) = -30*k 